s divided by w - (-4 - -3)*18?
18
Let i = -5 - -47. Let w be ((-1)/4)/(6/(-24)). Let g = 12 - w. What is the remainder when i is divided by g?
9
Suppose 0 = -2*g + 19 + 13. Calculate the remainder when 43 is divided by g.
11
Suppose -911 = -14*h - 225. Let v = -23 - -33. Calculate the remainder when h is divided by v.
9
What is the remainder when (46/(-5))/((-2)/10) is divided by 1 + 1 + 28/2?
14
Suppose 0 = -17*l + l + 480. Calculate the remainder when 58 is divided by l.
28
Let p(j) = -4*j - 6. Let l = 48 - 27. Calculate the remainder when l/3*(1 + 3) is divided by p(-4).
8
Suppose 24 = -4*l + 10*l. Calculate the remainder when l is divided by 3.
1
Suppose 6*h - 514 = -88. What is the remainder when h is divided by 25?
21
Let w(o) = -o**3 + 2*o**2 + o - 2. Calculate the remainder when 59 is divided by w(-2).
11
Let q(h) = 4*h - 13. What is the remainder when q(10) is divided by 7?
6
Let g(q) = -q**2 - 17*q. Let k = 7 + 2. What is the remainder when g(-16) is divided by k?
7
Let q = 144 + -132. Calculate the remainder when 141 is divided by q.
9
Let t be 9 + 4/(-8)*6. What is the remainder when 64 is divided by (-10)/(-15) - (-98)/t?
13
Let g(z) = z**3 - 6*z**2 + 5*z + 5. Let v = 32 - 7. Suppose 8*u = 3*u + v. Calculate the remainder when g(u) is divided by 4.
1
Let t(j) = j**3 + 2*j**2 + 3*j - 5. Let i(l) = -l**3 - l**2 - 2*l + 4. Let s(o) = -3*i(o) - 2*t(o). What is the remainder when s(2) is divided by 2?
0
Let g = 41 + 2. Calculate the remainder when g is divided by 15.
13
Let o = -6 + 8. Suppose o = -g - 3. Let x(l) = l**2 - 3*l + 1. What is the remainder when x(g) is divided by 14?
13
Suppose b - 2 = 64. Suppose 3*u + 3*k = -0*k + b, -4*u + 79 = k. What is the remainder when u is divided by 7?
5
What is the remainder when (6 + 0)*31*1/2 is divided by 32?
29
Let m = 18 - 31. Let n = 6 - m. What is the remainder when 55 is divided by n?
17
Suppose -h + 5 + 2 = 0. Let i(y) = 4*y - 8. What is the remainder when i(h) is divided by 11?
9
Calculate the remainder when 15 is divided by -2 + 1 + -1 + 4.
1
Let f = 131 + -120. Calculate the remainder when 87 is divided by f.
10
Suppose -18*j - 34 + 250 = 0. Suppose 4*l + 104 = 4*r, 3*l + 34 = 5*r - 4*r. Calculate the remainder when r is divided by j.
10
Let l = -18 + 53. Suppose 6*j - j - 95 = 0. Calculate the remainder when l is divided by j.
16
Suppose -c = 3*c - 8. Calculate the remainder when c is divided by 2.
0
Suppose 54 = -2*o - 2*t, -2*o + 0*t - 29 = -3*t. Let u = o - -35. What is the remainder when 38 is divided by u?
12
Suppose 6 = 2*w - 2. Let z(c) = c**2 + 3*c + 3. What is the remainder when w is divided by z(-3)?
1
Let l(m) = -14*m - 12. What is the remainder when 53 is divided by l(-2)?
5
Let j = 10 - 6. Calculate the remainder when 23 is divided by j.
3
Suppose 3*g - 10 = 4*g. Let m(r) = -9*r - 13. What is the remainder when m(g) is divided by 16?
13
Let q = 19 - 6. What is the remainder when 24 is divided by q?
11
Suppose 2*o + 4 = 2*i - 2*o, -4*i - o + 8 = 0. Suppose 5*s = -4*t + 101, i*t + 2*s - 43 = s. Calculate the remainder when 37 is divided by t.
18
Suppose 4*h - 232 = -52. Suppose -3*c + 28 = -41. Calculate the remainder when h is divided by c.
22
Let x = 8 + 9. Suppose 0 = a + 4*m - 2 - x, 4*a + m = 31. Suppose 0 = z + 3*r - 11, 4*z + 5*r + 53 - 118 = 0. What is the remainder when z is divided by a?
6
Suppose 0*h = 2*h - 6. Calculate the remainder when 51/9*h/1 is divided by ((-2)/(-4))/((-472)/96 + 5).
5
Suppose -3*w - r = -6*r - 61, 4*r - 92 = -4*w. What is the remainder when w is divided by 5*((-12)/(-5) + 0)?
10
Let o = 2 + 0. Let n = -5 - 1. Let w(a) = -a**3 - 6*a**2 + 1. Calculate the remainder when o is divided by w(n).
0
Let z = -68 - -198. Calculate the remainder when z is divided by 22.
20
Suppose -21 = 3*p - 0. Let k(a) = -a**3 - 6*a**2 + a - 3. What is the remainder when k(p) is divided by 14?
11
Suppose 3*z + g - 38 = -3*g, -14 = -z - g. Calculate the remainder when 87 is divided by z.
15
Let a = 74 - 59. What is the remainder when 89 is divided by a?
14
Let o be 1/3*3 + 29. Suppose 3*s = 6*s + 3*l - o, 30 = 3*s + 5*l. Calculate the remainder when 4/14 + (-194)/(-7) is divided by s.
8
Suppose 4*b - 12 + 0 = 0. Calculate the remainder when 7 is divided by b.
1
Suppose -143 = -4*x - 5*f + 188, -5*f = 3*x - 242. Calculate the remainder when x is divided by 30.
29
Let u = 27 + -12. Calculate the remainder when 42 is divided by u.
12
Let u be 3 - 2 - -1*5. Suppose y - u*y = -15. Calculate the remainder when (1/3)/(y/81) is divided by 5.
4
Let s = -62 + 109. Calculate the remainder when 185 is divided by s.
44
Let p = 77 + -42. Calculate the remainder when 137 is divided by p.
32
Suppose -3*c + 2*c + 10 = 0. Calculate the remainder when 37 is divided by c.
7
Let k(t) = t**3 - 6*t**2 - 6*t - 3. What is the remainder when 25 is divided by k(7)?
1
Suppose -2*w = 2*w - 72. Suppose 0 = -3*g + 11 + 19. What is the remainder when w is divided by g?
8
Suppose -68 = 4*o + 352. Calculate the remainder when 41 is divided by (4/(-10))/(3/o).
13
Let y(f) = -43*f**3 + 5*f + 2. Let u(v) = -v**3 - v - 1. Let m(i) = -3*u(i) - y(i). What is the remainder when m(1) is divided by 16?
13
What is the remainder when 71 is divided by (-6)/(-9) - (-55)/3?
14
Let w(x) = -x**2 + 8*x + 11. Let b be w(9). Suppose -5*m + 69 = 3*o, b*o = 5*m - 10 - 44. What is the remainder when (32/(-6))/((-4)/m) is divided by 9?
7
Let r(b) be the first derivative of -3*b**4/4 + 2*b**3/3 + b**2/2 + 2. Let p be 4/10 + 7/(-5). Calculate the remainder when 10 is divided by r(p).
2
Let o be 4*(1 - 18/8). Let r(s) = -s - 2. Calculate the remainder when 5 is divided by r(o).
2
Let g(v) = v**3 - 5*v**2 - 11*v + 4. What is the remainder when 98 is divided by g(7)?
23
Let m = 64 - 39. Calculate the remainder when m is divided by 4.
1
Suppose 2*v = -v - 42. Let l be v/3*180/(-14). Suppose -5*a + l = -0*a. Calculate the remainder when 22 is divided by a.
10
Suppose -2*i + 9 = -39. Suppose -4*m = -s + 48, 2*m - 5*s + 0*s + i = 0. Calculate the remainder when 39 is divided by 40/m*1*-3.
9
Suppose 0 = -z - 2*x + 3, -5*x + 20 = -2*z + 7*z. Calculate the remainder when z is divided by 3.
2
Suppose g + 0*g = 64. Let o = -10 + 32. What is the remainder when g is divided by o?
20
Suppose -10 = 3*k - 31. Suppose 19 = 8*r - k*r. What is the remainder when 75 is divided by r?
18
Let n(v) = v**3 - 5*v**2 + 2*v - 2. Let y be n(5). Suppose q = -q + y. Suppose -q*g + 7 = 3, 4*p - 43 = g. What is the remainder when 31 is divided by p?
9
Suppose 127 = 4*r + 23. Calculate the remainder when 101 is divided by r.
23
Let o = -21 + 33. Let j = 69 - 47. Calculate the remainder when j is divided by o.
10
Suppose -3*p + 63 = 18*p. What is the remainder when 15 is divided by p?
0
Suppose 10 = 2*f, -5*a - 3*f + 25 = -35. What is the remainder when a is divided by 3?
0
Suppose -i - 143 = -3*j, -6*j + 149 = -3*j + 5*i. What is the remainder when j is divided by 17?
14
Let f = 10 + -2. Calculate the remainder when 29 is divided by f.
5
Calculate the remainder when 16 is divided by 17 - 8 - -1*(-6)/2.
4
Let b(x) = -x + 1. Let v be b(-4). Suppose -3*l + 8*l = 25. Suppose -2*y - v*n = -78 - l, 12 = 4*n. Calculate the remainder when y is divided by 12.
10
Let x = 9 + -3. Let i = x - -54. Calculate the remainder when i is divided by 21.
18
Let a(u) = u**3 - 6*u**2 + 8*u - 9. What is the remainder when a(6) is divided by 4?
3
Let i = 114 + -61. Calculate the remainder when i is divided by 19.
15
Let j be 3*(3/3 - -1). Let n = 5 + j. Suppose 5*w - 5 = l + 9, -3*l + 6 = -3*w. Calculate the remainder when n is divided by l.
5
Suppose -2*b + 4*l + 4 = 0, 2*b + 5*l = -0 + 40. Calculate the remainder when b/2*3/5 is divided by 3.
0
Let f = 3 - 0. Suppose 3*d - 24 = -4*u, 0 - 5 = d - 3*u. Calculate the remainder when f is divided by (d/6)/((-5)/(-15)).
1
Let g(u) = 1 + u**3 + 5*u**2 + 0*u**3 - 7*u + u. Let t be g(-6). Let h(s) = s**3 + s**2. What is the remainder when 2 is divided by h(t)?
0
Let j(k) = -2*k**3 + k**2 - 4*k - 3. Let s be j(-3). Suppose 2*n = 8 + s. What is the remainder when n is divided by 14?
12
Let l = 19 + 34. Let p be (-28)/(-6)*(-9)/(-6). Let t = p - -11. What is the remainder when l is divided by t?
17
Let n = 30 - 19. Calculate the rema